3?
-21210
-17 (base 11) to base 8
-22
Convert 27 (base 16) to base 9.
43
What is 11 (base 9) in base 12?
a
Convert 0 (base 14) to base 4.
0
Convert 3 (base 5) to base 9.
3
Convert -110000 (base 2) to base 11.
-44
-421 (base 7) to base 14
-111
What is -64 (base 7) in base 14?
-34
Convert 5 (base 16) to base 10.
5
What is 20 (base 3) in base 16?
6
What is 2 (base 10) in base 4?
2
7 (base 16) to base 5
12
15 (base 12) to base 6
25
a (base 11) to base 10
10
Convert 146 (base 7) to base 4.
1103
Convert bc (base 15) to base 10.
177
What is 5 (base 14) in base 3?
12
What is 20 (base 13) in base 4?
122
What is -144 (base 6) in base 3?
-2101
What is 13 (base 14) in base 16?
11
What is -22 (base 9) in base 13?
-17
2 (base 14) to base 2
10
-169 (base 12) to base 3
-22100
-5 (base 16) to base 10
-5
Convert -11 (base 2) to base 5.
-3
4 (base 14) to base 2
100
What is 1 (base 9) in base 16?
1
Convert 22 (base 8) to base 6.
30
What is -30 (base 9) in base 15?
-1c
Convert -b1 (base 13) to base 7.
-264
2 (base 15) to base 5
2
What is -333 (base 4) in base 13?
-4b
What is -3 (base 12) in base 2?
-11
What is 2 (base 16) in base 11?
2
-3 (base 10) to base 2
-11
What is -24 (base 16) in base 12?
-30
What is 100101 (base 2) in base 16?
25
23 (base 4) to base 2
1011
-60 (base 12) to base 7
-132
What is -300 (base 5) in base 15?
-50
Convert 11 (base 13) to base 16.
e
What is -2 (base 11) in base 12?
-2
What is 312 (base 9) in base 14?
142
Convert -240 (base 5) to base 12.
-5a
100 (base 4) to base 2
10000
What is 4 (base 10) in base 7?
4
Convert -d8 (base 14) to base 6.
-514
332 (base 7) to base 11
145
Convert 20 (base 13) to base 10.
26
Convert 0 (base 11) to base 14.
0
What is 17 (base 13) in base 10?
20
-7 (base 8) to base 13
-7
Convert 7 (base 11) to base 14.
7
Convert 320 (base 4) to base 9.
62
Convert 2 (base 12) to base 2.
10
-1000 (base 2) to base 8
-10
122 (base 5) to base 15
27
Convert d4 (base 14) to base 11.
15a
Convert 2 (base 7) to base 15.
2
What is -20 (base 7) in base 5?
-24
-24 (base 8) to base 10
-20
Convert 0 (base 5) to base 7.
0
34 (base 11) to base 4
211
Convert 1 (base 3) to base 6.
1
Convert -4 (base 13) to base 8.
-4
Convert -74 (base 11) to base 13.
-63
-11 (base 3) to base 5
-4
26 (base 8) to base 16
16
107 (base 8) to base 3
2122
-1 (base 9) to base 16
-1
What is -21101 (base 3) in base 9?
-241
What is 3 (base 5) in base 13?
3
What is -2 (base 11) in base 13?
-2
What is 2d (base 15) in base 10?
43
1001 (base 3) to base 14
20
Convert 83 (base 11) to base 9.
111
What is -12 (base 10) in base 8?
-14
3 (base 5) to base 10
3
-5 (base 7) to base 8
-5
What is -1211 (base 3) in base 5?
-144
-1 (base 3) to base 15
-1
Convert -93 (base 10) to base 15.
-63
What is -2 (base 8) in base 14?
-2
1110 (base 2) to base 11
13
What is -3 (base 8) in base 5?
-3
What is -1 (base 12) in base 15?
-1
What is -2231 (base 4) in base 15?
-b8
What is 1 (base 15) in base 11?
1
30 (base 8) to base 4
120
Convert 82 (base 12) to base 16.
62
Convert -111 (base 2) to base 4.
-13
Convert -30 (base 16) to base 2.
-110000
What is -13 (base 14) in base 7?
-23
What is 1c (base 15) in base 6?
43
What is 1 (base 2) in base 12?
1
Convert -15 (base 11) to base 8.
-20
7 (base 9) to base 11
7
What is 1012 (base 3) in base 11?
2a
What is -21 (base 4) in base 16?
-9
What is bb (base 16) in base 11?
160
What is 5 (base 11) in base 13?
5
Convert 13 (base 13) to base 12.
14
What is -2 (base 16) in base 2?
-10
-11 (base 2) to base 6
-3
Convert 2 (base 4) to base 10.
2
Convert -2 (base 13) to base 12.
-2
What is -2 (base 13) in base 3?
-2
Convert 322 (base 4) to base 15.
3d
35 (base 12) to base 9
45
What is 89 (base 12) in base 7?
210
What is -4 (base 16) in base 10?
-4
Convert 6 (base 13) to base 6.
10
Convert -5 (base 7) to base 14.
-5
2 (base 3) to base 12
2
Convert 10 (base 5) to base 13.
5
-2 (base 12) to base 15
-2
-5a (base 16) to base 13
-6c
What is -1b (base 15) in base 10?
-26
What is -352 (base 7) in base 10?
-184
Convert 502 (base 7) to base 15.
117
5 (base 8) to base 3
12
Convert 1201 (base 3) to base 13.
37
What is -4 (base 9) in base 3?
-11
Convert 1 (base 9) to base 12.
1
-3b (base 14) to base 5
-203
-31 (base 9) to base 3
-1001
Convert 1120 (base 5) to base 2.
10100000
20 (base 4) to base 5
13
Convert 220 (base 4) to base 14.
2c
-4 (base 16) to base 12
-4
What is 0 (base 12) in base 3?
0
What is -3 (base 13) in base 12?
-3
What is -6 (base 12) in base 8?
-6
Convert -41 (base 13) to base 6.
-125
-11 (base 7) to base 8
-10
What is 1002 (base 3) in base 4?
131
-1 (base 5) to base 15
-1
Convert 6 (base 15) to base 5.
11
What is -197 (base 13) in base 16?
-125
What is 1 (base 15) in base 13?
1
Convert 610 (base 7) to base 6.
1221
-233 (base 4) to base 3
-1202
Convert -11 (base 14) to base 7.
-21
What is 3012 (base 4) in base 15?
d3
What is 54 (base 9) in base 3?
1211
Convert -a3 (base 11) to base 3.
-11012
Convert 51 (base 11) to base 9.
62
What is -16 (base 15) in base 7?
-30
Convert -37 (base 11) to base 4.
-220
Convert 29 (base 13) to base 2.
100011
What is 1101110 (base 2) in base 10?
110
-101 (base 4) to base 8
-21
What is -8 (base 14) in base 13?
-8
Convert 44 (base 7) to base 9.
35
Convert -20 (base 5) to base 8.
-12
Convert 1 (base 13) to base 14.
1
90 (base 13) to base 7
225
0 (base 3) to base 10
0
Convert -79 (base 12) to base 2.
-1011101
What is -560 (base 7) in base 5?
-2122
What is -10 (base 3) in base 12?
-3
What is 1 (base 5) in base 13?
1
What is -7 (base 14) in base 11?
-7
10 (base 4) to base 7
4
Convert 12 (base 9) to base 16.
b
Convert 3 (base 16) to base 9.
3
What is -22 (base 6) in base 16?
-e
12 (base 16) to base 4
102
What is -3a (base 16) in base 6?
-134
-2 (base 9) to base 3
-2
Convert -22 (base 7) to base 14.
-12
24 (base 6) to base 15
11
Convert 100 (base 3) to base 7.
12
b2 (base 13) to base 16
91
334 (base 5) to base 4
1132
What is -141 (base 5) in base 4?
-232
Convert -12 (base 4) to base 16.
-6
What is 3 (base 16) in base 10?
3
Convert 3 (base 10) to base 13.
3
Convert 10011 (base 2) to base 4.
103
Convert 3 (base 8) to base 6.
3
-3 (base 13) to base 15
-3
Convert 132 (base 4) to base 8.
36
-1132 (base 4) to base 8
-136
4 (base 10) to base 13
4
-13 (base 6) to base 9
-10
44 (base 12) to base 8
64
Convert -12 (base 11) to base 7.
-16
-14 (base 7) to base 2
-1011
What is -4 (base 14) in base 16?
-4
What is 122 (base 13) in base 6?
525
Convert -ca (base 16) to base 15.
-d7
What is 42 (base 9) in base 2?
100110
33 (base 15) to base 4
300
What is -15 (base 6) in base 13?
-b
What is 102222 (base 3) in base 5?
2243
0 (base 10) to base 2
0
What is 4 (base 16) in base 7?
4
What is -1 (base 4) in base 11?
-1
Convert 10 (base 9) to base 7.
12
What is 134 (base 5) in base 16?
2c
2 (base 5) to base 2
10
23 (base 7) to base 9
18
Convert -3 (base 11) to base 6.
-3
Convert -11 (base 6) to base 15.
-7
234 (base 7) to base 13
96
Convert 86 (base 9) to base 15.
53
What is b3 (base 15) in base 7?
330
101 (base 2) to base 12
5
Convert 130 (base 5) to base 2.
101000
What is -14 (base 10) in base 4?
-32
Convert 2 (base 7) to base 15.
2
Convert 40 (base 14) to base 8.
70
What is -1 (base 2) in base 4?
-1
-52 (base 7) to base 10
-37
-211 (base 4) to base 15
-27
What is -15f (base 16) in base 9?
-430
-1d (base 14) to base 8
-33
What is -24 (base 7) in base 15?
-13
-12 (base 6) to base 9
-8
-130 (base 4) to base 6
-44
0 (base 11) to base 3
0
2 (base 13) to base 15
2
-3 (base 15) to base 2
-11
What is -4 (base 12) in base 6?
-4
What is -11 (base 2) in base 9?
-3
What is -1112 (base 3) in base 6?
-105
Convert -3 (base 15) to base 8.
-3
Convert 11111 (base 3) to base 11.
100
Convert -11 (base 3) to base 6.
-4
What is 15 (base 16) in base 12?
19
What is 10 (base 9) in base 4?
21
14 (base 7) to base 4
23
What is 20 (base 3) in base 7?
6
Convert 15 (base 11) to base 16.
10
What is -150 (base 7) in base 14?
-60
10011011 (base 2) to base 13
bc
Convert 304 (base 5) to base 13.
61
Convert -2 (base 6) to base 10.
-2
What is 12d (base 14) in base 13?
153
22 (base 7) to base 14
12
Convert 4b (base 12) to base 8.
73
What is -100 (base 2) in base 5?
-4
Convert -6 (base 7) to base 15.
-6
Convert -3 (base 10) to base 3.
-10
17 (base 9) to base 16
10
What is c4 (base 15) in base 4?
2320
W